{"id":1548,"date":"2020-05-06T12:26:29","date_gmt":"2020-05-06T12:26:29","guid":{"rendered":"http:\/\/plongeeagde.belougaplongee.fr\/accueil-2\/?page_id=1548"},"modified":"2023-02-26T16:41:38","modified_gmt":"2023-02-26T16:41:38","slug":"sortie-vip","status":"publish","type":"page","link":"https:\/\/plongeeagde.belougaplongee.fr\/accueil-2\/sortie-vip","title":{"rendered":"SORTIE VIP"},"content":{"rendered":"\n<div style=\"height:20px\" aria-hidden=\"true\" class=\"wp-block-spacer\"><\/div>\n\n\n\n<h1 class=\"wp-block-heading\"><strong>PLONG\u00c9E EN TOUT PETIT COMIT\u00c9<\/strong><\/h1>\n\n\n\n<div style=\"height:20px\" aria-hidden=\"true\" class=\"wp-block-spacer\"><\/div>\n\n\n\n<figure class=\"wp-block-gallery has-nested-images columns-default is-cropped wp-block-gallery-1 is-layout-flex wp-block-gallery-is-layout-flex\">\n<figure class=\"wp-block-image size-large\"><img fetchpriority=\"high\" decoding=\"async\" width=\"1024\" height=\"721\" data-id=\"1370\" src=\"https:\/\/plongeeagde.belougaplongee.fr\/wp-content\/uploads\/2020\/05\/thumbnail_09C20366-A6DF-4A6D-BAD4-FB0C584167B1-1-1024x721.jpg\" alt=\"\" class=\"wp-image-1370\" srcset=\"https:\/\/plongeeagde.belougaplongee.fr\/wp-content\/uploads\/2020\/05\/thumbnail_09C20366-A6DF-4A6D-BAD4-FB0C584167B1-1-1024x721.jpg 1024w, https:\/\/plongeeagde.belougaplongee.fr\/wp-content\/uploads\/2020\/05\/thumbnail_09C20366-A6DF-4A6D-BAD4-FB0C584167B1-1-300x211.jpg 300w, https:\/\/plongeeagde.belougaplongee.fr\/wp-content\/uploads\/2020\/05\/thumbnail_09C20366-A6DF-4A6D-BAD4-FB0C584167B1-1-768x541.jpg 768w, https:\/\/plongeeagde.belougaplongee.fr\/wp-content\/uploads\/2020\/05\/thumbnail_09C20366-A6DF-4A6D-BAD4-FB0C584167B1-1.jpg 1280w\" sizes=\"(max-width: 1024px) 100vw, 1024px\" \/><\/figure>\n\n\n\n<figure class=\"wp-block-image size-large\"><img decoding=\"async\" width=\"960\" height=\"720\" data-id=\"1293\" src=\"https:\/\/plongeeagde.belougaplongee.fr\/wp-content\/uploads\/2020\/05\/57459314_2239828059444192_6214723523038937088_o.jpg\" alt=\"\" class=\"wp-image-1293\" srcset=\"https:\/\/plongeeagde.belougaplongee.fr\/wp-content\/uploads\/2020\/05\/57459314_2239828059444192_6214723523038937088_o.jpg 960w, https:\/\/plongeeagde.belougaplongee.fr\/wp-content\/uploads\/2020\/05\/57459314_2239828059444192_6214723523038937088_o-300x225.jpg 300w, https:\/\/plongeeagde.belougaplongee.fr\/wp-content\/uploads\/2020\/05\/57459314_2239828059444192_6214723523038937088_o-768x576.jpg 768w\" sizes=\"(max-width: 960px) 100vw, 960px\" \/><\/figure>\n\n\n\n<figure class=\"wp-block-image size-large\"><img decoding=\"async\" width=\"800\" height=\"529\" data-id=\"875\" src=\"https:\/\/plongeeagde.belougaplongee.fr\/wp-content\/uploads\/2020\/04\/web2-1.jpg\" alt=\"\" class=\"wp-image-875\" srcset=\"https:\/\/plongeeagde.belougaplongee.fr\/wp-content\/uploads\/2020\/04\/web2-1.jpg 800w, https:\/\/plongeeagde.belougaplongee.fr\/wp-content\/uploads\/2020\/04\/web2-1-300x198.jpg 300w, https:\/\/plongeeagde.belougaplongee.fr\/wp-content\/uploads\/2020\/04\/web2-1-768x508.jpg 768w\" sizes=\"(max-width: 800px) 100vw, 800px\" \/><figcaption class=\"wp-element-caption\">Bpat\u00eame de plong\u00e9e, centre Belouga Cap d&rsquo;Agde<\/figcaption><\/figure>\n<\/figure>\n\n\n\n<div style=\"height:20px\" aria-hidden=\"true\" class=\"wp-block-spacer\"><\/div>\n\n\n\n<h2 class=\"wp-block-heading\"><strong>TARIF <\/strong><\/h2>\n\n\n\n<p style=\"font-size:18px\">Sortie plong\u00e9e avec bateau privatis\u00e9 et 2 moniteurs 800 \u20ac<\/p>\n\n\n\n<p style=\"font-size:18px\">Formule pour 4 personnes max en formule Bapt\u00eame Exploration (40&prime; de plong\u00e9e) <br>Soit pour 4 personnes 200 \u20ac\/pers.<\/p>\n\n\n\n<div style=\"height:20px\" aria-hidden=\"true\" class=\"wp-block-spacer\"><\/div>\n\n\n\n<hr class=\"wp-block-separator has-text-color has-css-opacity has-background\" style=\"background-color:#05283c;color:#05283c\"\/>\n\n\n\n<div style=\"height:20px\" aria-hidden=\"true\" class=\"wp-block-spacer\"><\/div>\n\n\n\n<h1 class=\"wp-block-heading\"><strong>VOTRE BAPT\u00caME OU UNE EXPLORATION VIP EN FAMILLE OU ENTRE AMIS<\/strong><\/h1>\n\n\n\n<div style=\"height:20px\" aria-hidden=\"true\" class=\"wp-block-spacer\"><\/div>\n\n\n\n<p class=\"has-text-align-center has-medium-font-size\"><em><strong>\u00ab&nbsp;Deux moniteurs rien que pour vous pour vous faire vivre un moment extraordinaire !<br>Seul ou accompagn\u00e9, sur un bateau privatis\u00e9 venez d\u00e9couvrir la plong\u00e9e bouteille.&nbsp;\u00bb<\/strong><\/em><\/p>\n\n\n\n<div style=\"height:20px\" aria-hidden=\"true\" class=\"wp-block-spacer\"><\/div>\n\n\n\n<h2 class=\"has-vivid-cyan-blue-color has-text-color wp-block-heading\"><strong>Une formule sur mesure, toute notre comp\u00e9tence et notre savoir faire \u00e0 votre service<\/strong><\/h2>\n\n\n\n<div style=\"height:20px\" aria-hidden=\"true\" class=\"wp-block-spacer\"><\/div>\n\n\n\n<p class=\"has-background has-normal-font-size\" style=\"background-color:#e7edf0\">Au d\u00e9part du port du Cap d&rsquo;Agde, sur l\u2019un de nos bateaux nous vous emm\u00e8nerons sur vos sites pr\u00e9f\u00e9r\u00e9s. Vous serez accompagn\u00e9 de deux moniteurs de plong\u00e9e pour vous satisfaire.<\/p>\n\n\n\n<p class=\"has-background has-normal-font-size\" style=\"background-color:#e7edf0\">Une plong\u00e9e en toute intimit\u00e9 en d\u00e9part d\u00e9cal\u00e9, et avec un encadrement personnalis\u00e9. Le bateau et les sites de plong\u00e9e rien que pour vous. <strong>Un v\u00e9ritable concentr\u00e9 de d\u00e9tente et de plaisir<\/strong>.<\/p>\n\n\n\n<div style=\"height:20px\" aria-hidden=\"true\" class=\"wp-block-spacer\"><\/div>\n\n\n\n<figure class=\"wp-block-gallery has-nested-images columns-default is-cropped wp-block-gallery-2 is-layout-flex wp-block-gallery-is-layout-flex\">\n<figure class=\"wp-block-image size-large\"><img loading=\"lazy\" decoding=\"async\" width=\"1024\" height=\"717\" data-id=\"1239\" src=\"https:\/\/plongeeagde.belougaplongee.fr\/wp-content\/uploads\/2020\/05\/thumbnail_902EBB1D-DC54-4926-B87F-EBCC0BB599CC-1024x717.jpg\" alt=\"\" class=\"wp-image-1239\" srcset=\"https:\/\/plongeeagde.belougaplongee.fr\/wp-content\/uploads\/2020\/05\/thumbnail_902EBB1D-DC54-4926-B87F-EBCC0BB599CC-1024x717.jpg 1024w, https:\/\/plongeeagde.belougaplongee.fr\/wp-content\/uploads\/2020\/05\/thumbnail_902EBB1D-DC54-4926-B87F-EBCC0BB599CC-300x210.jpg 300w, https:\/\/plongeeagde.belougaplongee.fr\/wp-content\/uploads\/2020\/05\/thumbnail_902EBB1D-DC54-4926-B87F-EBCC0BB599CC-768x538.jpg 768w, https:\/\/plongeeagde.belougaplongee.fr\/wp-content\/uploads\/2020\/05\/thumbnail_902EBB1D-DC54-4926-B87F-EBCC0BB599CC.jpg 1280w\" sizes=\"(max-width: 1024px) 100vw, 1024px\" \/><\/figure>\n\n\n\n<figure class=\"wp-block-image size-large\"><img loading=\"lazy\" decoding=\"async\" width=\"640\" height=\"320\" data-id=\"3720\" src=\"https:\/\/plongeeagde.belougaplongee.fr\/wp-content\/uploads\/2020\/06\/Homme-cl\u00e9-Fo-1.jpg\" alt=\"\" class=\"wp-image-3720\" srcset=\"https:\/\/plongeeagde.belougaplongee.fr\/wp-content\/uploads\/2020\/06\/Homme-cl\u00e9-Fo-1.jpg 640w, https:\/\/plongeeagde.belougaplongee.fr\/wp-content\/uploads\/2020\/06\/Homme-cl\u00e9-Fo-1-300x150.jpg 300w\" sizes=\"(max-width: 640px) 100vw, 640px\" \/><\/figure>\n\n\n\n<figure class=\"wp-block-image size-large\"><img loading=\"lazy\" decoding=\"async\" width=\"1024\" height=\"724\" data-id=\"1238\" src=\"https:\/\/plongeeagde.belougaplongee.fr\/wp-content\/uploads\/2020\/05\/thumbnail_4C73E91C-684F-4918-A95B-6317BF983020-1024x724.jpg\" alt=\"\" class=\"wp-image-1238\" srcset=\"https:\/\/plongeeagde.belougaplongee.fr\/wp-content\/uploads\/2020\/05\/thumbnail_4C73E91C-684F-4918-A95B-6317BF983020-1024x724.jpg 1024w, https:\/\/plongeeagde.belougaplongee.fr\/wp-content\/uploads\/2020\/05\/thumbnail_4C73E91C-684F-4918-A95B-6317BF983020-300x212.jpg 300w, https:\/\/plongeeagde.belougaplongee.fr\/wp-content\/uploads\/2020\/05\/thumbnail_4C73E91C-684F-4918-A95B-6317BF983020-768x543.jpg 768w, https:\/\/plongeeagde.belougaplongee.fr\/wp-content\/uploads\/2020\/05\/thumbnail_4C73E91C-684F-4918-A95B-6317BF983020.jpg 1280w\" sizes=\"(max-width: 1024px) 100vw, 1024px\" \/><\/figure>\n<\/figure>\n\n\n\n<div style=\"height:20px\" aria-hidden=\"true\" class=\"wp-block-spacer\"><\/div>\n\n\n\n<p class=\"has-text-align-center has-medium-font-size\"><em><strong>\u00ab&nbsp;<\/strong><\/em><strong><em>Que vous soyez plongeur brevet\u00e9 ou que vous d\u00e9siriez d\u00e9couvrir cette activit\u00e9 dans un cadre intimiste, cette formule est la-v\u00f4tre&nbsp;!&nbsp;<\/em><\/strong><em><strong>&nbsp;\u00bb<\/strong><\/em><\/p>\n\n\n\n<div style=\"height:20px\" aria-hidden=\"true\" class=\"wp-block-spacer\"><\/div>\n\n\n\n<figure class=\"wp-block-gallery has-nested-images columns-default is-cropped wp-block-gallery-3 is-layout-flex wp-block-gallery-is-layout-flex\">\n<figure class=\"wp-block-image size-large\"><img loading=\"lazy\" decoding=\"async\" width=\"300\" height=\"168\" data-id=\"1494\" src=\"https:\/\/plongeeagde.belougaplongee.fr\/wp-content\/uploads\/2020\/05\/images-1.jpg\" alt=\"\" class=\"wp-image-1494\"\/><\/figure>\n\n\n\n<figure class=\"wp-block-image size-large\"><img loading=\"lazy\" decoding=\"async\" width=\"1024\" height=\"768\" data-id=\"1508\" src=\"https:\/\/plongeeagde.belougaplongee.fr\/wp-content\/uploads\/2020\/05\/images-gratuites-libres-de-droits-sans-droits-d-auteur-180-1024x768.jpg\" alt=\"\" class=\"wp-image-1508\" srcset=\"https:\/\/plongeeagde.belougaplongee.fr\/wp-content\/uploads\/2020\/05\/images-gratuites-libres-de-droits-sans-droits-d-auteur-180-1024x768.jpg 1024w, https:\/\/plongeeagde.belougaplongee.fr\/wp-content\/uploads\/2020\/05\/images-gratuites-libres-de-droits-sans-droits-d-auteur-180-300x225.jpg 300w, https:\/\/plongeeagde.belougaplongee.fr\/wp-content\/uploads\/2020\/05\/images-gratuites-libres-de-droits-sans-droits-d-auteur-180-768x576.jpg 768w, https:\/\/plongeeagde.belougaplongee.fr\/wp-content\/uploads\/2020\/05\/images-gratuites-libres-de-droits-sans-droits-d-auteur-180-1536x1152.jpg 1536w, https:\/\/plongeeagde.belougaplongee.fr\/wp-content\/uploads\/2020\/05\/images-gratuites-libres-de-droits-sans-droits-d-auteur-180-2048x1536.jpg 2048w\" sizes=\"(max-width: 1024px) 100vw, 1024px\" \/><\/figure>\n\n\n\n<figure class=\"wp-block-image size-large\"><img fetchpriority=\"high\" decoding=\"async\" width=\"1024\" height=\"721\" data-id=\"1370\" src=\"https:\/\/plongeeagde.belougaplongee.fr\/wp-content\/uploads\/2020\/05\/thumbnail_09C20366-A6DF-4A6D-BAD4-FB0C584167B1-1-1024x721.jpg\" alt=\"\" class=\"wp-image-1370\" srcset=\"https:\/\/plongeeagde.belougaplongee.fr\/wp-content\/uploads\/2020\/05\/thumbnail_09C20366-A6DF-4A6D-BAD4-FB0C584167B1-1-1024x721.jpg 1024w, https:\/\/plongeeagde.belougaplongee.fr\/wp-content\/uploads\/2020\/05\/thumbnail_09C20366-A6DF-4A6D-BAD4-FB0C584167B1-1-300x211.jpg 300w, https:\/\/plongeeagde.belougaplongee.fr\/wp-content\/uploads\/2020\/05\/thumbnail_09C20366-A6DF-4A6D-BAD4-FB0C584167B1-1-768x541.jpg 768w, https:\/\/plongeeagde.belougaplongee.fr\/wp-content\/uploads\/2020\/05\/thumbnail_09C20366-A6DF-4A6D-BAD4-FB0C584167B1-1.jpg 1280w\" sizes=\"(max-width: 1024px) 100vw, 1024px\" \/><\/figure>\n<\/figure>\n\n\n\n<figure class=\"wp-block-gallery has-nested-images columns-default is-cropped wp-block-gallery-4 is-layout-flex wp-block-gallery-is-layout-flex\">\n<figure class=\"wp-block-image size-large\"><img loading=\"lazy\" decoding=\"async\" width=\"800\" height=\"531\" data-id=\"2073\" src=\"https:\/\/plongeeagde.belougaplongee.fr\/wp-content\/uploads\/2020\/05\/thumbnail_IMG_8095-1-1.jpg\" alt=\"\" class=\"wp-image-2073\" srcset=\"https:\/\/plongeeagde.belougaplongee.fr\/wp-content\/uploads\/2020\/05\/thumbnail_IMG_8095-1-1.jpg 800w, https:\/\/plongeeagde.belougaplongee.fr\/wp-content\/uploads\/2020\/05\/thumbnail_IMG_8095-1-1-300x199.jpg 300w, https:\/\/plongeeagde.belougaplongee.fr\/wp-content\/uploads\/2020\/05\/thumbnail_IMG_8095-1-1-768x510.jpg 768w\" sizes=\"(max-width: 800px) 100vw, 800px\" \/><\/figure>\n\n\n\n<figure class=\"wp-block-image size-large\"><img loading=\"lazy\" decoding=\"async\" width=\"1024\" height=\"694\" data-id=\"2074\" src=\"https:\/\/plongeeagde.belougaplongee.fr\/wp-content\/uploads\/2020\/05\/thumbnail_IMG_5620-2-1024x694.jpg\" alt=\"\" class=\"wp-image-2074\" srcset=\"https:\/\/plongeeagde.belougaplongee.fr\/wp-content\/uploads\/2020\/05\/thumbnail_IMG_5620-2-1024x694.jpg 1024w, https:\/\/plongeeagde.belougaplongee.fr\/wp-content\/uploads\/2020\/05\/thumbnail_IMG_5620-2-300x203.jpg 300w, https:\/\/plongeeagde.belougaplongee.fr\/wp-content\/uploads\/2020\/05\/thumbnail_IMG_5620-2-768x520.jpg 768w, https:\/\/plongeeagde.belougaplongee.fr\/wp-content\/uploads\/2020\/05\/thumbnail_IMG_5620-2.jpg 1280w\" sizes=\"(max-width: 1024px) 100vw, 1024px\" \/><\/figure>\n\n\n\n<figure class=\"wp-block-image size-large\"><img loading=\"lazy\" decoding=\"async\" width=\"1024\" height=\"576\" data-id=\"2075\" src=\"https:\/\/plongeeagde.belougaplongee.fr\/wp-content\/uploads\/2020\/05\/thumbnail_IMG_7787-2-1024x576.jpg\" alt=\"\" class=\"wp-image-2075\" srcset=\"https:\/\/plongeeagde.belougaplongee.fr\/wp-content\/uploads\/2020\/05\/thumbnail_IMG_7787-2-1024x576.jpg 1024w, https:\/\/plongeeagde.belougaplongee.fr\/wp-content\/uploads\/2020\/05\/thumbnail_IMG_7787-2-300x169.jpg 300w, https:\/\/plongeeagde.belougaplongee.fr\/wp-content\/uploads\/2020\/05\/thumbnail_IMG_7787-2-768x432.jpg 768w, https:\/\/plongeeagde.belougaplongee.fr\/wp-content\/uploads\/2020\/05\/thumbnail_IMG_7787-2.jpg 1280w\" sizes=\"(max-width: 1024px) 100vw, 1024px\" \/><\/figure>\n<\/figure>\n\n\n\n<div style=\"height:20px\" aria-hidden=\"true\" class=\"wp-block-spacer\"><\/div>\n\n\n\n<h2 class=\"has-text-align-center has-vivid-cyan-blue-color has-text-color wp-block-heading\"><strong>RETROUVEZ NOS OFFRES SUR NOTRE BOUTIQUE EN LIGNE<\/strong><\/h2>\n\n\n\n<div class=\"wp-block-buttons is-content-justification-center is-layout-flex wp-container-core-buttons-is-layout-16018d1d wp-block-buttons-is-layout-flex\">\n<div class=\"wp-block-button is-style-outline is-style-outline--5\"><a class=\"wp-block-button__link has-very-dark-gray-color has-vivid-cyan-blue-background-color has-text-color has-background wp-element-button\" href=\"https:\/\/marketplace.awoo.fr\/595\"><strong>BOUTIQUE<\/strong><\/a><\/div>\n<\/div>\n\n\n\n<div style=\"height:20px\" aria-hidden=\"true\" class=\"wp-block-spacer\"><\/div>\n\n\n\n<h1 class=\"has-text-align-center wp-block-heading\"><strong>B<strong>\u00c9<\/strong>LOUGA PLONG\u00c9E CAP D\u2019AGDE<\/strong><\/h1>\n","protected":false},"excerpt":{"rendered":"<p>PLONG\u00c9E EN TOUT PETIT COMIT\u00c9 TARIF Sortie plong\u00e9e avec bateau privatis\u00e9 et 2 moniteurs 800 \u20ac Formule pour 4 personnes max en formule Bapt\u00eame Exploration (40&prime; de plong\u00e9e) Soit pour 4 personnes 200 \u20ac\/pers. VOTRE BAPT\u00caME OU UNE EXPLORATION VIP EN FAMILLE OU ENTRE AMIS \u00ab&nbsp;Deux moniteurs rien que pour vous pour vous faire vivre <a class=\"read-more\" href=\"https:\/\/plongeeagde.belougaplongee.fr\/accueil-2\/sortie-vip\">READ MORE<\/a><\/p>\n","protected":false},"author":1,"featured_media":0,"parent":0,"menu_order":0,"comment_status":"closed","ping_status":"closed","template":"","meta":{"footnotes":""},"class_list":["post-1548","page","type-page","status-publish","hentry"],"yoast_head":"<!-- This site is optimized with the Yoast SEO plugin v27.5 - https:\/\/yoast.com\/product\/yoast-seo-wordpress\/ -->\n<title>SORTIE VIP - B\u00e9louga Plong\u00e9e<\/title>\n<meta name=\"robots\" content=\"index, follow, max-snippet:-1, max-image-preview:large, max-video-preview:-1\" \/>\n<link rel=\"canonical\" href=\"https:\/\/plongeeagde.belougaplongee.fr\/accueil-2\/sortie-vip\" \/>\n<meta property=\"og:locale\" content=\"fr_FR\" \/>\n<meta property=\"og:type\" content=\"article\" \/>\n<meta property=\"og:title\" content=\"SORTIE VIP - B\u00e9louga Plong\u00e9e\" \/>\n<meta property=\"og:description\" content=\"PLONG\u00c9E EN TOUT PETIT COMIT\u00c9 TARIF Sortie plong\u00e9e avec bateau privatis\u00e9 et 2 moniteurs 800 \u20ac Formule pour 4 personnes max en formule Bapt\u00eame Exploration (40&prime; de plong\u00e9e) Soit pour 4 personnes 200 \u20ac\/pers. VOTRE BAPT\u00caME OU UNE EXPLORATION VIP EN FAMILLE OU ENTRE AMIS \u00ab&nbsp;Deux moniteurs rien que pour vous pour vous faire vivre READ MORE\" \/>\n<meta property=\"og:url\" content=\"https:\/\/plongeeagde.belougaplongee.fr\/accueil-2\/sortie-vip\" \/>\n<meta property=\"og:site_name\" content=\"B\u00e9louga Plong\u00e9e\" \/>\n<meta property=\"article:modified_time\" content=\"2023-02-26T16:41:38+00:00\" \/>\n<meta property=\"og:image\" content=\"https:\/\/plongeeagde.belougaplongee.fr\/wp-content\/uploads\/2020\/05\/thumbnail_09C20366-A6DF-4A6D-BAD4-FB0C584167B1-1-1024x721.jpg\" \/>\n<meta name=\"twitter:card\" content=\"summary_large_image\" \/>\n<meta name=\"twitter:label1\" content=\"Dur\u00e9e de lecture estim\u00e9e\" \/>\n\t<meta name=\"twitter:data1\" content=\"4 minutes\" \/>\n<script type=\"application\/ld+json\" class=\"yoast-schema-graph\">{\"@context\":\"https:\\\/\\\/schema.org\",\"@graph\":[{\"@type\":\"WebPage\",\"@id\":\"https:\\\/\\\/plongeeagde.belougaplongee.fr\\\/accueil-2\\\/sortie-vip\",\"url\":\"https:\\\/\\\/plongeeagde.belougaplongee.fr\\\/accueil-2\\\/sortie-vip\",\"name\":\"SORTIE VIP - B\u00e9louga Plong\u00e9e\",\"isPartOf\":{\"@id\":\"https:\\\/\\\/plongeeagde.belougaplongee.fr\\\/accueil-2\\\/#website\"},\"primaryImageOfPage\":{\"@id\":\"https:\\\/\\\/plongeeagde.belougaplongee.fr\\\/accueil-2\\\/sortie-vip#primaryimage\"},\"image\":{\"@id\":\"https:\\\/\\\/plongeeagde.belougaplongee.fr\\\/accueil-2\\\/sortie-vip#primaryimage\"},\"thumbnailUrl\":\"https:\\\/\\\/plongeeagde.belougaplongee.fr\\\/wp-content\\\/uploads\\\/2020\\\/05\\\/thumbnail_09C20366-A6DF-4A6D-BAD4-FB0C584167B1-1-1024x721.jpg\",\"datePublished\":\"2020-05-06T12:26:29+00:00\",\"dateModified\":\"2023-02-26T16:41:38+00:00\",\"breadcrumb\":{\"@id\":\"https:\\\/\\\/plongeeagde.belougaplongee.fr\\\/accueil-2\\\/sortie-vip#breadcrumb\"},\"inLanguage\":\"fr-FR\",\"potentialAction\":[{\"@type\":\"ReadAction\",\"target\":[\"https:\\\/\\\/plongeeagde.belougaplongee.fr\\\/accueil-2\\\/sortie-vip\"]}]},{\"@type\":\"ImageObject\",\"inLanguage\":\"fr-FR\",\"@id\":\"https:\\\/\\\/plongeeagde.belougaplongee.fr\\\/accueil-2\\\/sortie-vip#primaryimage\",\"url\":\"https:\\\/\\\/plongeeagde.belougaplongee.fr\\\/wp-content\\\/uploads\\\/2020\\\/05\\\/thumbnail_09C20366-A6DF-4A6D-BAD4-FB0C584167B1-1-1024x721.jpg\",\"contentUrl\":\"https:\\\/\\\/plongeeagde.belougaplongee.fr\\\/wp-content\\\/uploads\\\/2020\\\/05\\\/thumbnail_09C20366-A6DF-4A6D-BAD4-FB0C584167B1-1-1024x721.jpg\"},{\"@type\":\"BreadcrumbList\",\"@id\":\"https:\\\/\\\/plongeeagde.belougaplongee.fr\\\/accueil-2\\\/sortie-vip#breadcrumb\",\"itemListElement\":[{\"@type\":\"ListItem\",\"position\":1,\"name\":\"Accueil\",\"item\":\"https:\\\/\\\/plongeeagde.belougaplongee.fr\\\/accueil-2\\\/\"},{\"@type\":\"ListItem\",\"position\":2,\"name\":\"SORTIE VIP\"}]},{\"@type\":\"WebSite\",\"@id\":\"https:\\\/\\\/plongeeagde.belougaplongee.fr\\\/accueil-2\\\/#website\",\"url\":\"https:\\\/\\\/plongeeagde.belougaplongee.fr\\\/accueil-2\\\/\",\"name\":\"B\u00e9louga Plong\u00e9e\",\"description\":\"Plong\u00e9e personnalis\u00e9e au Cap d&#039;Agde\",\"potentialAction\":[{\"@type\":\"SearchAction\",\"target\":{\"@type\":\"EntryPoint\",\"urlTemplate\":\"https:\\\/\\\/plongeeagde.belougaplongee.fr\\\/accueil-2\\\/?s={search_term_string}\"},\"query-input\":{\"@type\":\"PropertyValueSpecification\",\"valueRequired\":true,\"valueName\":\"search_term_string\"}}],\"inLanguage\":\"fr-FR\"}]}<\/script>\n<!-- \/ Yoast SEO plugin. -->","yoast_head_json":{"title":"SORTIE VIP - B\u00e9louga Plong\u00e9e","robots":{"index":"index","follow":"follow","max-snippet":"max-snippet:-1","max-image-preview":"max-image-preview:large","max-video-preview":"max-video-preview:-1"},"canonical":"https:\/\/plongeeagde.belougaplongee.fr\/accueil-2\/sortie-vip","og_locale":"fr_FR","og_type":"article","og_title":"SORTIE VIP - B\u00e9louga Plong\u00e9e","og_description":"PLONG\u00c9E EN TOUT PETIT COMIT\u00c9 TARIF Sortie plong\u00e9e avec bateau privatis\u00e9 et 2 moniteurs 800 \u20ac Formule pour 4 personnes max en formule Bapt\u00eame Exploration (40&prime; de plong\u00e9e) Soit pour 4 personnes 200 \u20ac\/pers. VOTRE BAPT\u00caME OU UNE EXPLORATION VIP EN FAMILLE OU ENTRE AMIS \u00ab&nbsp;Deux moniteurs rien que pour vous pour vous faire vivre READ MORE","og_url":"https:\/\/plongeeagde.belougaplongee.fr\/accueil-2\/sortie-vip","og_site_name":"B\u00e9louga Plong\u00e9e","article_modified_time":"2023-02-26T16:41:38+00:00","og_image":[{"url":"https:\/\/plongeeagde.belougaplongee.fr\/wp-content\/uploads\/2020\/05\/thumbnail_09C20366-A6DF-4A6D-BAD4-FB0C584167B1-1-1024x721.jpg","type":"","width":"","height":""}],"twitter_card":"summary_large_image","twitter_misc":{"Dur\u00e9e de lecture estim\u00e9e":"4 minutes"},"schema":{"@context":"https:\/\/schema.org","@graph":[{"@type":"WebPage","@id":"https:\/\/plongeeagde.belougaplongee.fr\/accueil-2\/sortie-vip","url":"https:\/\/plongeeagde.belougaplongee.fr\/accueil-2\/sortie-vip","name":"SORTIE VIP - B\u00e9louga Plong\u00e9e","isPartOf":{"@id":"https:\/\/plongeeagde.belougaplongee.fr\/accueil-2\/#website"},"primaryImageOfPage":{"@id":"https:\/\/plongeeagde.belougaplongee.fr\/accueil-2\/sortie-vip#primaryimage"},"image":{"@id":"https:\/\/plongeeagde.belougaplongee.fr\/accueil-2\/sortie-vip#primaryimage"},"thumbnailUrl":"https:\/\/plongeeagde.belougaplongee.fr\/wp-content\/uploads\/2020\/05\/thumbnail_09C20366-A6DF-4A6D-BAD4-FB0C584167B1-1-1024x721.jpg","datePublished":"2020-05-06T12:26:29+00:00","dateModified":"2023-02-26T16:41:38+00:00","breadcrumb":{"@id":"https:\/\/plongeeagde.belougaplongee.fr\/accueil-2\/sortie-vip#breadcrumb"},"inLanguage":"fr-FR","potentialAction":[{"@type":"ReadAction","target":["https:\/\/plongeeagde.belougaplongee.fr\/accueil-2\/sortie-vip"]}]},{"@type":"ImageObject","inLanguage":"fr-FR","@id":"https:\/\/plongeeagde.belougaplongee.fr\/accueil-2\/sortie-vip#primaryimage","url":"https:\/\/plongeeagde.belougaplongee.fr\/wp-content\/uploads\/2020\/05\/thumbnail_09C20366-A6DF-4A6D-BAD4-FB0C584167B1-1-1024x721.jpg","contentUrl":"https:\/\/plongeeagde.belougaplongee.fr\/wp-content\/uploads\/2020\/05\/thumbnail_09C20366-A6DF-4A6D-BAD4-FB0C584167B1-1-1024x721.jpg"},{"@type":"BreadcrumbList","@id":"https:\/\/plongeeagde.belougaplongee.fr\/accueil-2\/sortie-vip#breadcrumb","itemListElement":[{"@type":"ListItem","position":1,"name":"Accueil","item":"https:\/\/plongeeagde.belougaplongee.fr\/accueil-2\/"},{"@type":"ListItem","position":2,"name":"SORTIE VIP"}]},{"@type":"WebSite","@id":"https:\/\/plongeeagde.belougaplongee.fr\/accueil-2\/#website","url":"https:\/\/plongeeagde.belougaplongee.fr\/accueil-2\/","name":"B\u00e9louga Plong\u00e9e","description":"Plong\u00e9e personnalis\u00e9e au Cap d&#039;Agde","potentialAction":[{"@type":"SearchAction","target":{"@type":"EntryPoint","urlTemplate":"https:\/\/plongeeagde.belougaplongee.fr\/accueil-2\/?s={search_term_string}"},"query-input":{"@type":"PropertyValueSpecification","valueRequired":true,"valueName":"search_term_string"}}],"inLanguage":"fr-FR"}]}},"_links":{"self":[{"href":"https:\/\/plongeeagde.belougaplongee.fr\/accueil-2\/wp-json\/wp\/v2\/pages\/1548","targetHints":{"allow":["GET"]}}],"collection":[{"href":"https:\/\/plongeeagde.belougaplongee.fr\/accueil-2\/wp-json\/wp\/v2\/pages"}],"about":[{"href":"https:\/\/plongeeagde.belougaplongee.fr\/accueil-2\/wp-json\/wp\/v2\/types\/page"}],"author":[{"embeddable":true,"href":"https:\/\/plongeeagde.belougaplongee.fr\/accueil-2\/wp-json\/wp\/v2\/users\/1"}],"replies":[{"embeddable":true,"href":"https:\/\/plongeeagde.belougaplongee.fr\/accueil-2\/wp-json\/wp\/v2\/comments?post=1548"}],"version-history":[{"count":20,"href":"https:\/\/plongeeagde.belougaplongee.fr\/accueil-2\/wp-json\/wp\/v2\/pages\/1548\/revisions"}],"predecessor-version":[{"id":4124,"href":"https:\/\/plongeeagde.belougaplongee.fr\/accueil-2\/wp-json\/wp\/v2\/pages\/1548\/revisions\/4124"}],"wp:attachment":[{"href":"https:\/\/plongeeagde.belougaplongee.fr\/accueil-2\/wp-json\/wp\/v2\/media?parent=1548"}],"curies":[{"name":"wp","href":"https:\/\/api.w.org\/{rel}","templated":true}]}}