{"id":126,"date":"2020-01-03T00:22:09","date_gmt":"2020-01-03T00:22:09","guid":{"rendered":"http:\/\/plongeeagde.belougaplongee.fr\/?page_id=126"},"modified":"2025-03-01T10:41:11","modified_gmt":"2025-03-01T10:41:11","slug":"qualification-plongee-enfant","status":"publish","type":"page","link":"https:\/\/plongeeagde.belougaplongee.fr\/accueil-2\/qualification-plongee-enfant","title":{"rendered":"Stage d\u00e9couverte plong\u00e9e enfant &#8211; 3 s\u00e9ances"},"content":{"rendered":"\n<div class=\"wp-block-group\"><div class=\"wp-block-group__inner-container is-layout-flow wp-block-group-is-layout-flow\">\n<div style=\"height:20px\" aria-hidden=\"true\" class=\"wp-block-spacer\"><\/div>\n<\/div><\/div>\n\n\n\n<h1 class=\"wp-block-heading has-text-color\" style=\"color:#05283c\"><strong>DE 6 ANS et JUSQU\u2019\u00c0 12 \/14 ANS \u00c0 CHACUN SON PROGRAMME !<\/strong><\/h1>\n\n\n\n<div style=\"height:20px\" aria-hidden=\"true\" class=\"wp-block-spacer\"><\/div>\n\n\n\n<figure class=\"wp-block-gallery has-nested-images columns-default is-cropped wp-block-gallery-1 is-layout-flex wp-block-gallery-is-layout-flex\">\n<figure class=\"wp-block-image size-large\"><img fetchpriority=\"high\" decoding=\"async\" width=\"300\" height=\"287\" data-id=\"628\" src=\"http:\/\/plongeeagde.belougaplongee.fr\/wp-content\/uploads\/2020\/04\/thumbnail_IMG_8038-3-300x287.jpg\" alt=\"\" class=\"wp-image-628\" srcset=\"https:\/\/plongeeagde.belougaplongee.fr\/wp-content\/uploads\/2020\/04\/thumbnail_IMG_8038-3-300x287.jpg 300w, https:\/\/plongeeagde.belougaplongee.fr\/wp-content\/uploads\/2020\/04\/thumbnail_IMG_8038-3.jpg 640w\" sizes=\"(max-width: 300px) 100vw, 300px\" \/><\/figure>\n\n\n\n<figure class=\"wp-block-image size-large\"><img decoding=\"async\" width=\"300\" height=\"257\" data-id=\"629\" src=\"http:\/\/plongeeagde.belougaplongee.fr\/wp-content\/uploads\/2020\/04\/18671446_1384914018268938_1663598481217483292_o-1-300x257.jpg\" alt=\"\" class=\"wp-image-629\" srcset=\"https:\/\/plongeeagde.belougaplongee.fr\/wp-content\/uploads\/2020\/04\/18671446_1384914018268938_1663598481217483292_o-1-300x257.jpg 300w, https:\/\/plongeeagde.belougaplongee.fr\/wp-content\/uploads\/2020\/04\/18671446_1384914018268938_1663598481217483292_o-1-768x657.jpg 768w, https:\/\/plongeeagde.belougaplongee.fr\/wp-content\/uploads\/2020\/04\/18671446_1384914018268938_1663598481217483292_o-1.jpg 960w\" sizes=\"(max-width: 300px) 100vw, 300px\" \/><\/figure>\n\n\n\n<figure class=\"wp-block-image size-large\"><img decoding=\"async\" width=\"300\" height=\"247\" data-id=\"633\" src=\"http:\/\/plongeeagde.belougaplongee.fr\/wp-content\/uploads\/2020\/04\/thumbnail_IMG_9772-2-300x247.jpg\" alt=\"\" class=\"wp-image-633\" srcset=\"https:\/\/plongeeagde.belougaplongee.fr\/wp-content\/uploads\/2020\/04\/thumbnail_IMG_9772-2-300x247.jpg 300w, https:\/\/plongeeagde.belougaplongee.fr\/wp-content\/uploads\/2020\/04\/thumbnail_IMG_9772-2-1024x843.jpg 1024w, https:\/\/plongeeagde.belougaplongee.fr\/wp-content\/uploads\/2020\/04\/thumbnail_IMG_9772-2-768x632.jpg 768w, https:\/\/plongeeagde.belougaplongee.fr\/wp-content\/uploads\/2020\/04\/thumbnail_IMG_9772-2.jpg 1280w\" sizes=\"(max-width: 300px) 100vw, 300px\" \/><\/figure>\n<\/figure>\n\n\n\n<div style=\"height:20px\" aria-hidden=\"true\" class=\"wp-block-spacer\"><\/div>\n\n\n\n<h3 class=\"wp-block-heading has-text-color\" style=\"color:#05283c\">TARIF 2025<\/h3>\n\n\n\n<p style=\"font-size:18px\">Stage d\u00e9couverte \u00ab\u00a0Mini Bulle\u00a0\u00bb 3 s\u00e9ances (8-11 ans) : 220 \u20ac<\/p>\n\n\n\n<p>Stage qualification n\u00b01 AQUATICUS<strong> <\/strong>3 s\u00e9ances (8-14 ans) :<strong> <\/strong>\u00a0220 \u20ac<\/p>\n\n\n\n<p style=\"font-size:18px\">Stage qualification n\u00b02 TETARDO<strong> <\/strong>3 s\u00e9ances (8-14 ans) :<strong> <\/strong>\u00a0220 \u20ac<\/p>\n\n\n\n<p>Stage qualification n\u00b03 EXPLORATOR 3 s\u00e9ances (8-14 ans) :<strong> <\/strong>\u00a0220 \u20ac<\/p>\n\n\n\n<figure class=\"wp-block-image size-full is-resized\"><img loading=\"lazy\" decoding=\"async\" width=\"119\" height=\"50\" src=\"https:\/\/plongeeagde.belougaplongee.fr\/wp-content\/uploads\/2023\/02\/image-5.png\" alt=\"\" class=\"wp-image-4113\" style=\"width:95px;height:40px\"\/><\/figure>\n\n\n\n<p style=\"font-size:18px\">Stage d\u00e9couverte \u00ab\u00a0Baby-Plongeur\u00a0\u00bb 3 s\u00e9ances (5-7 ans ) : 225 \u20ac<\/p>\n\n\n\n<hr class=\"wp-block-separator has-css-opacity\"\/>\n\n\n\n<div style=\"height:20px\" aria-hidden=\"true\" class=\"wp-block-spacer\"><\/div>\n\n\n\n<h2 class=\"wp-block-heading has-vivid-cyan-blue-color has-text-color\"><strong>Votre enfant aime l\u2019eau et il s\u2019y sent bien ?<\/strong><\/h2>\n\n\n\n<div style=\"height:20px\" aria-hidden=\"true\" class=\"wp-block-spacer\"><\/div>\n\n\n\n<div style=\"height:20px\" aria-hidden=\"true\" class=\"wp-block-spacer\"><\/div>\n\n\n\n<h1 class=\"wp-block-heading has-text-color\" style=\"color:#05283c\"><strong>QUEL EST LE CONTENU DES STAGES DECOUVERTE &nbsp;?<\/strong><\/h1>\n\n\n\n<div style=\"height:20px\" aria-hidden=\"true\" class=\"wp-block-spacer\"><\/div>\n\n\n\n<h2 class=\"wp-block-heading has-vivid-cyan-blue-color has-text-color\"><strong>Tout un programme abord\u00e9 de fa\u00e7on ludique, dans lequel chaque enfant y trouvera son int\u00e9r\u00eat<\/strong><\/h2>\n\n\n\n<div style=\"height:20px\" aria-hidden=\"true\" class=\"wp-block-spacer\"><\/div>\n\n\n\n<ul class=\"wp-block-list\">\n<li>Prendre contact physiquement avec le milieu aquatique ;<\/li>\n\n\n\n<li>Prendre conscience de l\u2019existence d\u2019une vie sous-marine riche et vari\u00e9e ;<\/li>\n\n\n\n<li>Explorer la diversit\u00e9 des paysages sous-marins ;<\/li>\n\n\n\n<li>Vivre et \u00e9changer une exp\u00e9rience du milieu avec des copains.&nbsp;<\/li>\n<\/ul>\n\n\n\n<div style=\"height:20px\" aria-hidden=\"true\" class=\"wp-block-spacer\"><\/div>\n\n\n\n<div style=\"height:20px\" aria-hidden=\"true\" class=\"wp-block-spacer\"><\/div>\n\n\n\n<div style=\"height:20px\" aria-hidden=\"true\" class=\"wp-block-spacer\"><\/div>\n\n\n\n<h2 class=\"wp-block-heading\">Stage d\u00e9couverte de plong\u00e9e enfant \u2013 3 s\u00e9ances<\/h2>\n\n\n\n<figure class=\"wp-block-table\"><table><tbody><tr><td><strong>Stage d\u00e9couverte&nbsp;\u00ab<\/strong>&nbsp;<strong>Mini bulle<\/strong>&nbsp;<strong>\u00bb<\/strong> &#8211; Pour les enfants d\u00e9butants<br>1 bapt\u00eame + 2 plong\u00e9es de d\u00e9couverte (ou 3 plong\u00e9es de d\u00e9couverte) + pr\u00eat de mat\u00e9riel + carnet de plong\u00e9e<\/td><\/tr><tr><td>Stage d\u00e9couverte 3 s\u00e9ances (5-7 ans) \u00ab\u00a0Baby-Plongeur\u00a0\u00bb <br>1 bapt\u00eame + 2 plong\u00e9es de d\u00e9couverte (ou 3 plong\u00e9es de d\u00e9couverte) + pr\u00eat de mat\u00e9riel + carnet de plong\u00e9e<\/td><\/tr><tr><td>Stage qualification 3 s\u00e9ances (8-14 ans) n\u00b01 <strong>AQUATICUS&nbsp;&nbsp;&nbsp;&nbsp;&nbsp;&nbsp;&nbsp;&nbsp;&nbsp;&nbsp;&nbsp;&nbsp;&nbsp;&nbsp;&nbsp;&nbsp;&nbsp;&nbsp;&nbsp;&nbsp;&nbsp;&nbsp;&nbsp;&nbsp;&nbsp;&nbsp;&nbsp;&nbsp;&nbsp;&nbsp;&nbsp;&nbsp;&nbsp;&nbsp;&nbsp; &nbsp;&nbsp;&nbsp;&nbsp;&nbsp;&nbsp;&nbsp;&nbsp;&nbsp;&nbsp;&nbsp;&nbsp;&nbsp;&nbsp;&nbsp;&nbsp;&nbsp;&nbsp;&nbsp;&nbsp;&nbsp;&nbsp;&nbsp;&nbsp;&nbsp;&nbsp;&nbsp;&nbsp;&nbsp;&nbsp;<\/strong><br>Stage qualification 3 s\u00e9ances (8-14 ans) n\u00b02 <strong>TETARDO <\/strong>&nbsp;<br>Stage qualification 3 s\u00e9ances (8-14 ans) n\u00b03 <strong>EXPLORATOR <\/strong><\/td><\/tr><\/tbody><\/table><\/figure>\n\n\n\n<h2 class=\"wp-block-heading has-vivid-cyan-blue-color has-text-color\"><strong>Le carnet des succ\u00e8s pour booster la confiance en soi des enfants<\/strong><\/h2>\n\n\n\n<div style=\"height:20px\" aria-hidden=\"true\" class=\"wp-block-spacer\"><\/div>\n\n\n\n<p class=\"has-background has-normal-font-size\" style=\"background-color:#e7edf0\">Pour accompagner l\u2019enfant dans ces d\u00e9couvertes, un livre de bord a \u00e9t\u00e9 con\u00e7u sp\u00e9cialement pour lui, <strong>le Manuel du plongeur Junior ANMP<\/strong>. Il permet \u00e9galement aux moniteurs de noter les progr\u00e8s et les encouragements. Enfin, ce carnet donne \u00e9galement la possibilit\u00e9 \u00e0 l\u2019enfant de raconter ses exp\u00e9riences et les partager gr\u00e2ce \u00e0 de nombreux espaces pr\u00e9vus pour sa libre expression&nbsp;<\/p>\n\n\n\n<div style=\"height:20px\" aria-hidden=\"true\" class=\"wp-block-spacer\"><\/div>\n\n\n\n<figure class=\"wp-block-gallery has-nested-images columns-default is-cropped wp-block-gallery-2 is-layout-flex wp-block-gallery-is-layout-flex\">\n<figure class=\"wp-block-image size-large\"><img loading=\"lazy\" decoding=\"async\" width=\"300\" height=\"207\" data-id=\"1429\" src=\"http:\/\/plongeeagde.belougaplongee.fr\/wp-content\/uploads\/2020\/05\/eco1-2-300x207.jpg\" alt=\"\" class=\"wp-image-1429\" srcset=\"https:\/\/plongeeagde.belougaplongee.fr\/wp-content\/uploads\/2020\/05\/eco1-2-300x207.jpg 300w, https:\/\/plongeeagde.belougaplongee.fr\/wp-content\/uploads\/2020\/05\/eco1-2-1024x707.jpg 1024w, https:\/\/plongeeagde.belougaplongee.fr\/wp-content\/uploads\/2020\/05\/eco1-2-768x530.jpg 768w, https:\/\/plongeeagde.belougaplongee.fr\/wp-content\/uploads\/2020\/05\/eco1-2-1536x1061.jpg 1536w, https:\/\/plongeeagde.belougaplongee.fr\/wp-content\/uploads\/2020\/05\/eco1-2-2048x1414.jpg 2048w\" sizes=\"(max-width: 300px) 100vw, 300px\" \/><\/figure>\n\n\n\n<figure class=\"wp-block-image size-large\"><img loading=\"lazy\" decoding=\"async\" width=\"300\" height=\"219\" data-id=\"2225\" src=\"http:\/\/plongeeagde.belougaplongee.fr\/wp-content\/uploads\/2020\/05\/animamed-2-1-300x219.jpg\" alt=\"\" class=\"wp-image-2225\" srcset=\"https:\/\/plongeeagde.belougaplongee.fr\/wp-content\/uploads\/2020\/05\/animamed-2-1-300x219.jpg 300w, https:\/\/plongeeagde.belougaplongee.fr\/wp-content\/uploads\/2020\/05\/animamed-2-1-1024x748.jpg 1024w, https:\/\/plongeeagde.belougaplongee.fr\/wp-content\/uploads\/2020\/05\/animamed-2-1-768x561.jpg 768w, https:\/\/plongeeagde.belougaplongee.fr\/wp-content\/uploads\/2020\/05\/animamed-2-1-1536x1122.jpg 1536w, https:\/\/plongeeagde.belougaplongee.fr\/wp-content\/uploads\/2020\/05\/animamed-2-1-2048x1496.jpg 2048w\" sizes=\"(max-width: 300px) 100vw, 300px\" \/><\/figure>\n\n\n\n<figure class=\"wp-block-image size-large\"><img loading=\"lazy\" decoding=\"async\" width=\"500\" height=\"400\" data-id=\"3440\" src=\"http:\/\/plongeeagde.belougaplongee.fr\/wp-content\/uploads\/2020\/05\/Diplome-tous-Nx-web.jpg\" alt=\"\" class=\"wp-image-3440\" srcset=\"https:\/\/plongeeagde.belougaplongee.fr\/wp-content\/uploads\/2020\/05\/Diplome-tous-Nx-web.jpg 500w, https:\/\/plongeeagde.belougaplongee.fr\/wp-content\/uploads\/2020\/05\/Diplome-tous-Nx-web-300x240.jpg 300w\" sizes=\"(max-width: 500px) 100vw, 500px\" \/><\/figure>\n<\/figure>\n\n\n\n<p class=\"has-text-align-center\"><em>Extrait du Manuel du plongeur Junior ANMP<\/em><\/p>\n\n\n\n<div style=\"height:20px\" aria-hidden=\"true\" class=\"wp-block-spacer\"><\/div>\n\n\n\n<h1 class=\"wp-block-heading has-text-color\" style=\"color:#05283c\"><strong>QUELS SONT LES PR\u00c9REQUIS POUR PARTICIPER \u00c0 CES STAGES ?<\/strong><\/h1>\n\n\n\n<div style=\"height:20px\" aria-hidden=\"true\" class=\"wp-block-spacer\"><\/div>\n\n\n\n<ul class=\"wp-block-list\">\n<li><strong>Age :<\/strong> les enfants doivent disposer d\u2019une autorisation parentale.<\/li>\n\n\n\n<li><strong>Niveau \/ formation pr\u00e9alable :<\/strong> Stage ouvert \u00e0 tous les enfants apr\u00e8s un bapt\u00eame.<\/li>\n\n\n\n<li><strong>Sant\u00e9 : <\/strong>Nous vous conseillons vivement de faire \u00e9tablir un certificat certificat m\u00e9dical de non-contradiction \u00e0 la plong\u00e9e par votre m\u00e9decin g\u00e9n\u00e9raliste.<\/li>\n\n\n\n<li><strong>Mat\u00e9riel n\u00e9cessaire :<\/strong> L&rsquo;enfant doit \u00eatre simplement munis de son maillot (sous ses habits) et d&rsquo;une serviette de bain.<\/li>\n\n\n\n<li><strong>Le conseil des moniteurs : <\/strong>La casquette\/chapeau, lunette de soleil, anti-uv (si vous en avez un) et gourde d&rsquo;eau permettront \u00e0 votre enfant de se prot\u00e9ger du soleil. Prot\u00e9geons ensemble la mer en limitant au maximum l&rsquo;utilisation de la cr\u00e8me solaire au visage.<\/li>\n\n\n\n<li><strong>Le prix comprend :<\/strong> Tarif tout inclus ! 3 plong\u00e9es, tout le mat\u00e9riel n\u00e9cessaire, l\u2019encadrement par un moniteur exp\u00e9riment\u00e9,&nbsp;un carnet de plong\u00e9e enfant pour le premier stage.<\/li>\n<\/ul>\n\n\n\n<div style=\"height:20px\" aria-hidden=\"true\" class=\"wp-block-spacer\"><\/div>\n\n\n\n<h1 class=\"wp-block-heading\"><strong>INFO R\u00c9SERVATION <\/strong><\/h1>\n\n\n\n<div style=\"height:20px\" aria-hidden=\"true\" class=\"wp-block-spacer\"><\/div>\n\n\n\n<p class=\"has-text-align-left has-background has-normal-font-size\" style=\"background-color:#e7edf0\">La pratique de la plong\u00e9e n\u00e9cessite pour votre confort et votre s\u00e9curit\u00e9 <strong>un encadrement renforc\u00e9<\/strong>.<strong> A ce titre nous ne proposons pas d\u2019inscription directe en ligne. Avant d&rsquo;effectuer votre achat sur notre boutique en ligne nous vous demandons de bien vous assurer que les dates que vous souhaitez r\u00e9server soient disponibles en nous contactant par t\u00e9l\u00e9phone au 06 81 02 77 69 ou par mail.<\/strong> Si tel est le cas vous pourrez alors valider votre inscription en effectuant votre achat sur notre boutique en ligne ou en passant \u00e0 l&rsquo;accueil de l&rsquo;\u00e9cole aux heures d&rsquo;ouverture. <\/p>\n\n\n\n<p class=\"has-text-align-left has-background has-normal-font-size\" style=\"background-color:#e7edf0\">Si votre achat sur notre boutique <strong>concerne un bon cadeau,<\/strong> il suffira au b\u00e9n\u00e9ficiaire du bon cadeau de nous contacter sans attendre pour que nous puissions convenir ensemble du\/des rendez-vous.<\/p>\n\n\n\n<div style=\"height:20px\" aria-hidden=\"true\" class=\"wp-block-spacer\"><\/div>\n\n\n\n<h2 class=\"wp-block-heading has-text-align-left has-vivid-cyan-blue-color has-text-color\"><strong>Vivez et partagez des moments inoubliables avec votre enfant !<\/strong><\/h2>\n\n\n\n<div style=\"height:20px\" aria-hidden=\"true\" class=\"wp-block-spacer\"><\/div>\n\n\n\n<div class=\"wp-block-media-text alignwide is-stacked-on-mobile\" style=\"grid-template-columns:37% auto\"><figure class=\"wp-block-media-text__media\"><img loading=\"lazy\" decoding=\"async\" width=\"960\" height=\"804\" src=\"http:\/\/plongeeagde.belougaplongee.fr\/wp-content\/uploads\/2020\/05\/65296681_2352771091483221_3828043950799716352_o.jpg\" alt=\"\" class=\"wp-image-2221 size-full\" srcset=\"https:\/\/plongeeagde.belougaplongee.fr\/wp-content\/uploads\/2020\/05\/65296681_2352771091483221_3828043950799716352_o.jpg 960w, https:\/\/plongeeagde.belougaplongee.fr\/wp-content\/uploads\/2020\/05\/65296681_2352771091483221_3828043950799716352_o-300x251.jpg 300w, https:\/\/plongeeagde.belougaplongee.fr\/wp-content\/uploads\/2020\/05\/65296681_2352771091483221_3828043950799716352_o-768x643.jpg 768w\" sizes=\"(max-width: 960px) 100vw, 960px\" \/><\/figure><div class=\"wp-block-media-text__content\">\n<p style=\"font-size:18px\">Ce programme parfaitement adapt\u00e9 aux enfants peut se partager en famille gr\u00e2ce au <strong>Stage D\u00e9couverte Ado\/Adulte<\/strong>.<\/p>\n<\/div><\/div>\n\n\n\n<div style=\"height:20px\" aria-hidden=\"true\" class=\"wp-block-spacer\"><\/div>\n\n\n\n<h2 class=\"wp-block-heading has-text-align-center has-vivid-cyan-blue-color has-text-color\"><strong>RETROUVEZ NOS OFFRES DE STAGES PLONGEE ENFANT SUR NOTRE BOUTIQUE EN LIGNE<\/strong><\/h2>\n\n\n\n<div class=\"wp-block-buttons is-horizontal is-content-justification-center is-layout-flex wp-container-core-buttons-is-layout-499968f5 wp-block-buttons-is-layout-flex\">\n<div class=\"wp-block-button is-style-outline is-style-outline--3\"><a class=\"wp-block-button__link has-very-dark-gray-color has-vivid-cyan-blue-background-color has-text-color has-background wp-element-button\" href=\"https:\/\/marketplace.awoo.fr\/595\"><strong>BOUTIQUE<\/strong><\/a><\/div>\n<\/div>\n\n\n\n<div style=\"height:20px\" aria-hidden=\"true\" class=\"wp-block-spacer\"><\/div>\n\n\n\n<h4 class=\"wp-block-heading has-text-align-center\"><strong>Les qualifications Plong\u00e9e Enfant sont disponibles tous les jours de Juin \u00e0 Septembre sur simple r\u00e9servation !<\/strong><\/h4>\n\n\n\n<div style=\"height:20px\" aria-hidden=\"true\" class=\"wp-block-spacer\"><\/div>\n\n\n\n<h1 class=\"wp-block-heading has-text-align-center\"><strong>BELOUGA PLONG\u00c9E CAP D\u2019AGDE<\/strong><\/h1>\n\n\n<div class=\"wp-block-image\">\n<figure class=\"aligncenter size-large is-resized\"><img loading=\"lazy\" decoding=\"async\" width=\"300\" height=\"342\" src=\"http:\/\/plongeeagde.belougaplongee.fr\/wp-content\/uploads\/2020\/05\/5704_logo_famille-3.jpg\" alt=\"\" class=\"wp-image-3411\" style=\"width:110px;height:126px\" srcset=\"https:\/\/plongeeagde.belougaplongee.fr\/wp-content\/uploads\/2020\/05\/5704_logo_famille-3.jpg 300w, https:\/\/plongeeagde.belougaplongee.fr\/wp-content\/uploads\/2020\/05\/5704_logo_famille-3-263x300.jpg 263w\" sizes=\"(max-width: 300px) 100vw, 300px\" \/><\/figure>\n<\/div>","protected":false},"excerpt":{"rendered":"<p>DE 6 ANS et JUSQU\u2019\u00c0 12 \/14 ANS \u00c0 CHACUN SON PROGRAMME ! TARIF 2025 Stage d\u00e9couverte \u00ab\u00a0Mini Bulle\u00a0\u00bb 3 s\u00e9ances (8-11 ans) : 220 \u20ac Stage qualification n\u00b01 AQUATICUS 3 s\u00e9ances (8-14 ans) : \u00a0220 \u20ac Stage qualification n\u00b02 TETARDO 3 s\u00e9ances (8-14 ans) : \u00a0220 \u20ac Stage qualification n\u00b03 EXPLORATOR 3 s\u00e9ances (8-14 <a class=\"read-more\" href=\"https:\/\/plongeeagde.belougaplongee.fr\/accueil-2\/qualification-plongee-enfant\">READ MORE<\/a><\/p>\n","protected":false},"author":1,"featured_media":0,"parent":0,"menu_order":0,"comment_status":"closed","ping_status":"closed","template":"","meta":{"footnotes":""},"class_list":["post-126","page","type-page","status-publish","hentry"],"yoast_head":"<!-- This site is optimized with the Yoast SEO plugin v27.5 - https:\/\/yoast.com\/product\/yoast-seo-wordpress\/ -->\n<title>Stage d\u00e9couverte plong\u00e9e enfant - 3 s\u00e9ances - B\u00e9louga Plong\u00e9e<\/title>\n<meta name=\"robots\" content=\"index, follow, max-snippet:-1, max-image-preview:large, max-video-preview:-1\" \/>\n<link rel=\"canonical\" href=\"https:\/\/plongeeagde.belougaplongee.fr\/accueil-2\/qualification-plongee-enfant\" \/>\n<meta property=\"og:locale\" content=\"fr_FR\" \/>\n<meta property=\"og:type\" content=\"article\" \/>\n<meta property=\"og:title\" content=\"Stage d\u00e9couverte plong\u00e9e enfant - 3 s\u00e9ances - B\u00e9louga Plong\u00e9e\" \/>\n<meta property=\"og:description\" content=\"DE 6 ANS et JUSQU\u2019\u00c0 12 \/14 ANS \u00c0 CHACUN SON PROGRAMME ! TARIF 2025 Stage d\u00e9couverte \u00ab\u00a0Mini Bulle\u00a0\u00bb 3 s\u00e9ances (8-11 ans) : 220 \u20ac Stage qualification n\u00b01 AQUATICUS 3 s\u00e9ances (8-14 ans) : \u00a0220 \u20ac Stage qualification n\u00b02 TETARDO 3 s\u00e9ances (8-14 ans) : \u00a0220 \u20ac Stage qualification n\u00b03 EXPLORATOR 3 s\u00e9ances (8-14 READ MORE\" \/>\n<meta property=\"og:url\" content=\"https:\/\/plongeeagde.belougaplongee.fr\/accueil-2\/qualification-plongee-enfant\" \/>\n<meta property=\"og:site_name\" content=\"B\u00e9louga Plong\u00e9e\" \/>\n<meta property=\"article:modified_time\" content=\"2025-03-01T10:41:11+00:00\" \/>\n<meta property=\"og:image\" content=\"https:\/\/plongeeagde.belougaplongee.fr\/wp-content\/uploads\/2020\/04\/thumbnail_IMG_8038-3.jpg\" \/>\n\t<meta property=\"og:image:width\" content=\"640\" \/>\n\t<meta property=\"og:image:height\" content=\"613\" \/>\n\t<meta property=\"og:image:type\" content=\"image\/jpeg\" \/>\n<meta name=\"twitter:card\" content=\"summary_large_image\" \/>\n<meta name=\"twitter:label1\" content=\"Dur\u00e9e de lecture estim\u00e9e\" \/>\n\t<meta name=\"twitter:data1\" content=\"5 minutes\" \/>\n<script type=\"application\/ld+json\" class=\"yoast-schema-graph\">{\"@context\":\"https:\\\/\\\/schema.org\",\"@graph\":[{\"@type\":\"WebPage\",\"@id\":\"https:\\\/\\\/plongeeagde.belougaplongee.fr\\\/accueil-2\\\/qualification-plongee-enfant\",\"url\":\"https:\\\/\\\/plongeeagde.belougaplongee.fr\\\/accueil-2\\\/qualification-plongee-enfant\",\"name\":\"Stage d\u00e9couverte plong\u00e9e enfant - 3 s\u00e9ances - B\u00e9louga Plong\u00e9e\",\"isPartOf\":{\"@id\":\"https:\\\/\\\/plongeeagde.belougaplongee.fr\\\/accueil-2\\\/#website\"},\"primaryImageOfPage\":{\"@id\":\"https:\\\/\\\/plongeeagde.belougaplongee.fr\\\/accueil-2\\\/qualification-plongee-enfant#primaryimage\"},\"image\":{\"@id\":\"https:\\\/\\\/plongeeagde.belougaplongee.fr\\\/accueil-2\\\/qualification-plongee-enfant#primaryimage\"},\"thumbnailUrl\":\"http:\\\/\\\/plongeeagde.belougaplongee.fr\\\/wp-content\\\/uploads\\\/2020\\\/04\\\/thumbnail_IMG_8038-3-300x287.jpg\",\"datePublished\":\"2020-01-03T00:22:09+00:00\",\"dateModified\":\"2025-03-01T10:41:11+00:00\",\"breadcrumb\":{\"@id\":\"https:\\\/\\\/plongeeagde.belougaplongee.fr\\\/accueil-2\\\/qualification-plongee-enfant#breadcrumb\"},\"inLanguage\":\"fr-FR\",\"potentialAction\":[{\"@type\":\"ReadAction\",\"target\":[\"https:\\\/\\\/plongeeagde.belougaplongee.fr\\\/accueil-2\\\/qualification-plongee-enfant\"]}]},{\"@type\":\"ImageObject\",\"inLanguage\":\"fr-FR\",\"@id\":\"https:\\\/\\\/plongeeagde.belougaplongee.fr\\\/accueil-2\\\/qualification-plongee-enfant#primaryimage\",\"url\":\"http:\\\/\\\/plongeeagde.belougaplongee.fr\\\/wp-content\\\/uploads\\\/2020\\\/04\\\/thumbnail_IMG_8038-3-300x287.jpg\",\"contentUrl\":\"http:\\\/\\\/plongeeagde.belougaplongee.fr\\\/wp-content\\\/uploads\\\/2020\\\/04\\\/thumbnail_IMG_8038-3-300x287.jpg\"},{\"@type\":\"BreadcrumbList\",\"@id\":\"https:\\\/\\\/plongeeagde.belougaplongee.fr\\\/accueil-2\\\/qualification-plongee-enfant#breadcrumb\",\"itemListElement\":[{\"@type\":\"ListItem\",\"position\":1,\"name\":\"Accueil\",\"item\":\"https:\\\/\\\/plongeeagde.belougaplongee.fr\\\/accueil-2\\\/\"},{\"@type\":\"ListItem\",\"position\":2,\"name\":\"Stage d\u00e9couverte plong\u00e9e enfant &#8211; 3 s\u00e9ances\"}]},{\"@type\":\"WebSite\",\"@id\":\"https:\\\/\\\/plongeeagde.belougaplongee.fr\\\/accueil-2\\\/#website\",\"url\":\"https:\\\/\\\/plongeeagde.belougaplongee.fr\\\/accueil-2\\\/\",\"name\":\"B\u00e9louga Plong\u00e9e\",\"description\":\"Plong\u00e9e personnalis\u00e9e au Cap d&#039;Agde\",\"potentialAction\":[{\"@type\":\"SearchAction\",\"target\":{\"@type\":\"EntryPoint\",\"urlTemplate\":\"https:\\\/\\\/plongeeagde.belougaplongee.fr\\\/accueil-2\\\/?s={search_term_string}\"},\"query-input\":{\"@type\":\"PropertyValueSpecification\",\"valueRequired\":true,\"valueName\":\"search_term_string\"}}],\"inLanguage\":\"fr-FR\"}]}<\/script>\n<!-- \/ Yoast SEO plugin. -->","yoast_head_json":{"title":"Stage d\u00e9couverte plong\u00e9e enfant - 3 s\u00e9ances - B\u00e9louga Plong\u00e9e","robots":{"index":"index","follow":"follow","max-snippet":"max-snippet:-1","max-image-preview":"max-image-preview:large","max-video-preview":"max-video-preview:-1"},"canonical":"https:\/\/plongeeagde.belougaplongee.fr\/accueil-2\/qualification-plongee-enfant","og_locale":"fr_FR","og_type":"article","og_title":"Stage d\u00e9couverte plong\u00e9e enfant - 3 s\u00e9ances - B\u00e9louga Plong\u00e9e","og_description":"DE 6 ANS et JUSQU\u2019\u00c0 12 \/14 ANS \u00c0 CHACUN SON PROGRAMME ! TARIF 2025 Stage d\u00e9couverte \u00ab\u00a0Mini Bulle\u00a0\u00bb 3 s\u00e9ances (8-11 ans) : 220 \u20ac Stage qualification n\u00b01 AQUATICUS 3 s\u00e9ances (8-14 ans) : \u00a0220 \u20ac Stage qualification n\u00b02 TETARDO 3 s\u00e9ances (8-14 ans) : \u00a0220 \u20ac Stage qualification n\u00b03 EXPLORATOR 3 s\u00e9ances (8-14 READ MORE","og_url":"https:\/\/plongeeagde.belougaplongee.fr\/accueil-2\/qualification-plongee-enfant","og_site_name":"B\u00e9louga Plong\u00e9e","article_modified_time":"2025-03-01T10:41:11+00:00","og_image":[{"width":640,"height":613,"url":"https:\/\/plongeeagde.belougaplongee.fr\/wp-content\/uploads\/2020\/04\/thumbnail_IMG_8038-3.jpg","type":"image\/jpeg"}],"twitter_card":"summary_large_image","twitter_misc":{"Dur\u00e9e de lecture estim\u00e9e":"5 minutes"},"schema":{"@context":"https:\/\/schema.org","@graph":[{"@type":"WebPage","@id":"https:\/\/plongeeagde.belougaplongee.fr\/accueil-2\/qualification-plongee-enfant","url":"https:\/\/plongeeagde.belougaplongee.fr\/accueil-2\/qualification-plongee-enfant","name":"Stage d\u00e9couverte plong\u00e9e enfant - 3 s\u00e9ances - B\u00e9louga Plong\u00e9e","isPartOf":{"@id":"https:\/\/plongeeagde.belougaplongee.fr\/accueil-2\/#website"},"primaryImageOfPage":{"@id":"https:\/\/plongeeagde.belougaplongee.fr\/accueil-2\/qualification-plongee-enfant#primaryimage"},"image":{"@id":"https:\/\/plongeeagde.belougaplongee.fr\/accueil-2\/qualification-plongee-enfant#primaryimage"},"thumbnailUrl":"http:\/\/plongeeagde.belougaplongee.fr\/wp-content\/uploads\/2020\/04\/thumbnail_IMG_8038-3-300x287.jpg","datePublished":"2020-01-03T00:22:09+00:00","dateModified":"2025-03-01T10:41:11+00:00","breadcrumb":{"@id":"https:\/\/plongeeagde.belougaplongee.fr\/accueil-2\/qualification-plongee-enfant#breadcrumb"},"inLanguage":"fr-FR","potentialAction":[{"@type":"ReadAction","target":["https:\/\/plongeeagde.belougaplongee.fr\/accueil-2\/qualification-plongee-enfant"]}]},{"@type":"ImageObject","inLanguage":"fr-FR","@id":"https:\/\/plongeeagde.belougaplongee.fr\/accueil-2\/qualification-plongee-enfant#primaryimage","url":"http:\/\/plongeeagde.belougaplongee.fr\/wp-content\/uploads\/2020\/04\/thumbnail_IMG_8038-3-300x287.jpg","contentUrl":"http:\/\/plongeeagde.belougaplongee.fr\/wp-content\/uploads\/2020\/04\/thumbnail_IMG_8038-3-300x287.jpg"},{"@type":"BreadcrumbList","@id":"https:\/\/plongeeagde.belougaplongee.fr\/accueil-2\/qualification-plongee-enfant#breadcrumb","itemListElement":[{"@type":"ListItem","position":1,"name":"Accueil","item":"https:\/\/plongeeagde.belougaplongee.fr\/accueil-2\/"},{"@type":"ListItem","position":2,"name":"Stage d\u00e9couverte plong\u00e9e enfant &#8211; 3 s\u00e9ances"}]},{"@type":"WebSite","@id":"https:\/\/plongeeagde.belougaplongee.fr\/accueil-2\/#website","url":"https:\/\/plongeeagde.belougaplongee.fr\/accueil-2\/","name":"B\u00e9louga Plong\u00e9e","description":"Plong\u00e9e personnalis\u00e9e au Cap d&#039;Agde","potentialAction":[{"@type":"SearchAction","target":{"@type":"EntryPoint","urlTemplate":"https:\/\/plongeeagde.belougaplongee.fr\/accueil-2\/?s={search_term_string}"},"query-input":{"@type":"PropertyValueSpecification","valueRequired":true,"valueName":"search_term_string"}}],"inLanguage":"fr-FR"}]}},"_links":{"self":[{"href":"https:\/\/plongeeagde.belougaplongee.fr\/accueil-2\/wp-json\/wp\/v2\/pages\/126","targetHints":{"allow":["GET"]}}],"collection":[{"href":"https:\/\/plongeeagde.belougaplongee.fr\/accueil-2\/wp-json\/wp\/v2\/pages"}],"about":[{"href":"https:\/\/plongeeagde.belougaplongee.fr\/accueil-2\/wp-json\/wp\/v2\/types\/page"}],"author":[{"embeddable":true,"href":"https:\/\/plongeeagde.belougaplongee.fr\/accueil-2\/wp-json\/wp\/v2\/users\/1"}],"replies":[{"embeddable":true,"href":"https:\/\/plongeeagde.belougaplongee.fr\/accueil-2\/wp-json\/wp\/v2\/comments?post=126"}],"version-history":[{"count":49,"href":"https:\/\/plongeeagde.belougaplongee.fr\/accueil-2\/wp-json\/wp\/v2\/pages\/126\/revisions"}],"predecessor-version":[{"id":4225,"href":"https:\/\/plongeeagde.belougaplongee.fr\/accueil-2\/wp-json\/wp\/v2\/pages\/126\/revisions\/4225"}],"wp:attachment":[{"href":"https:\/\/plongeeagde.belougaplongee.fr\/accueil-2\/wp-json\/wp\/v2\/media?parent=126"}],"curies":[{"name":"wp","href":"https:\/\/api.w.org\/{rel}","templated":true}]}}